-- https://www.phpmyadmin.net/
--

START TRANSACTION;



--
-- Database: `penilaian`
--

-- --------------------------------------------------------

--
-- Table structure for table `jawaban`
--

CREATE TABLE `jawaban` (
  `kd_jawab` varchar(10) NOT NULL,
  `kd_tanya` varchar(10) NOT NULL,
  `no_responden` varchar(10) NOT NULL,
  `isi_jawab` text NOT NULL
) ENGINE=InnoDB DEFAULT CHARSET=utf8mb4;

--
-- Dumping data for table `jawaban`
--

INSERT INTO `jawaban` (`kd_jawab`, `kd_tanya`, `no_responden`, `isi_jawab`) VALUES
('PR001', 'TN0001', 'RSP001', 'Tidak Puas'),
('PR002', 'TN0006', 'RSP001', 'Puas'),
('PR003', 'TN0011', 'RSP001', 'Tidak Puas'),
('PR004', 'TN0016', 'RSP001', 'Tidak Puas'),
('PR005', 'TN0021', 'RSP001', 'Puas'),
('PR006', 'TN0026', 'RSP001', 'Tidak Puas'),
('PR007', 'TN0031', 'RSP001', 'Puas'),
('PR008', 'TN0036', 'RSP001', 'Tidak Puas'),
('PR009', 'TN0002', 'RSP002', 'Puas'),
('PR010', 'TN0007', 'RSP002', 'Puas'),
('PR011', 'TN0012', 'RSP002', 'Puas'),
('PR012', 'TN0017', 'RSP002', 'Tidak Puas'),
('PR013', 'TN0022', 'RSP002', 'Puas'),
('PR014', 'TN0027', 'RSP002', 'Puas'),
('PR015', 'TN0032', 'RSP002', 'Tidak Puas'),
('PR016', 'TN0037', 'RSP002', 'Tidak Puas'),
('PR017', 'TN0003', 'RSP003', 'Puas'),
('PR018', 'TN0008', 'RSP003', 'Puas'),
('PR019', 'TN0013', 'RSP003', 'Puas'),
('PR020', 'TN0018', 'RSP003', 'Puas'),
('PR021', 'TN0023', 'RSP003', 'Puas'),
('PR022', 'TN0028', 'RSP003', 'Puas'),
('PR023', 'TN0033', 'RSP003', 'Puas'),
('PR024', 'TN0038', 'RSP003', 'Puas'),
('PR025', 'TN0004', 'RSP004', 'Tidak Puas'),
('PR026', 'TN0009', 'RSP004', 'Tidak Puas'),
('PR027', 'TN0014', 'RSP004', 'Tidak Puas'),
('PR028', 'TN0019', 'RSP004', 'Puas'),
('PR029', 'TN0024', 'RSP004', 'Puas'),
('PR030', 'TN0029', 'RSP004', 'Tidak Puas'),
('PR031', 'TN0034', 'RSP004', 'Tidak Puas'),
('PR032', 'TN0039', 'RSP004', 'Tidak Puas'),
('PR033', 'TN0005', 'RSP005', 'Tidak Puas'),
('PR034', 'TN0010', 'RSP005', 'Tidak Puas'),
('PR035', 'TN0015', 'RSP005', 'Tidak Puas'),
('PR036', 'TN0020', 'RSP005', 'Puas'),
('PR037', 'TN0025', 'RSP005', 'Puas'),
('PR038', 'TN0030', 'RSP005', 'Puas'),
('PR039', 'TN0035', 'RSP005', 'Tidak Puas'),
('PR040', 'TN0040', 'RSP005', 'Tidak Puas');

-- --------------------------------------------------------

--
-- Table structure for table `layanan`
--

CREATE TABLE `layanan` (
  `kd_layanan` varchar(10) NOT NULL,
  `nm_layanan` varchar(50) NOT NULL,
  `nm_petugas` varchar(30) NOT NULL
) ENGINE=InnoDB DEFAULT CHARSET=utf8mb4;

--
-- Dumping data for table `layanan`
--

INSERT INTO `layanan` (`kd_layanan`, `nm_layanan`, `nm_petugas`) VALUES
('KL001', 'Administrasi Umum', 'Munawir'),
('KL002', 'Administrasi Kepegawaian', 'Novilia Kumala'),
('KL003', 'Operator FO', 'Sarah Soraya'),
('KL004', 'Operator Simpatika dan SIMPEC', 'Jamian Irsani'),
('KL005', 'Operator Kesiswaan', 'Supiyanto');

-- --------------------------------------------------------

--
-- Table structure for table `pertanyaan`
--

CREATE TABLE `pertanyaan` (
  `kd_tanya` varchar(10) NOT NULL,
  `kd_layanan` varchar(10) NOT NULL,
  `isi_tanya` text NOT NULL
) ENGINE=InnoDB DEFAULT CHARSET=utf8mb4;

--
-- Dumping data for table `pertanyaan`
--

INSERT INTO `pertanyaan` (`kd_tanya`, `kd_layanan`, `isi_tanya`) VALUES
('TN0001', 'KL001', 'Kemudahan persyaratan layanan PTSP'),
('TN0002', 'KL002', 'Kemudahan persyaratan layanan PTSP'),
('TN0003', 'KL003', 'Kemudahan persyaratan layanan PTSP'),
('TN0004', 'KL004', 'Kemudahan persyaratan layanan PTSP'),
('TN0005', 'KL005', 'Kemudahan persyaratan layanan PTSP'),
('TN0006', 'KL001', 'Kemudahan prosedur layanan PTSP'),
('TN0007', 'KL002', 'Kemudahan prosedur layanan PTSP'),
('TN0008', 'KL003', 'Kemudahan prosedur layanan PTSP'),
('TN0009', 'KL004', 'Kemudahan prosedur layanan PTSP'),
('TN0010', 'KL005', 'Kemudahan prosedur layanan PTSP'),
('TN0011', 'KL001', 'Kecepatan waktu pelayanan PTSP'),
('TN0012', 'KL002', 'Kecepatan waktu pelayanan PTSP'),
('TN0013', 'KL003', 'Kecepatan waktu pelayanan PTSP'),
('TN0014', 'KL004', 'Kecepatan waktu pelayanan PTSP'),
('TN0015', 'KL005', 'Kecepatan waktu pelayanan PTSP'),
('TN0016', 'KL001', 'Kemampuan petugas dalam memberikan layanan'),
('TN0017', 'KL002', 'Kemampuan petugas dalam memberikan layanan'),
('TN0018', 'KL003', 'Kemampuan petugas dalam memberikan layanan'),
('TN0019', 'KL004', 'Kemampuan petugas dalam memberikan layanan'),
('TN0020', 'KL005', 'Kemampuan petugas dalam memberikan layanan'),
('TN0021', 'KL001', 'Kesesuaian hasil layanan yang diterima'),
('TN0022', 'KL002', 'Kesesuaian hasil layanan yang diterima'),
('TN0023', 'KL003', 'Kesesuaian hasil layanan yang diterima'),
('TN0024', 'KL004', 'Kesesuaian hasil layanan yang diterima'),
('TN0025', 'KL005', 'Kesesuaian hasil layanan yang diterima'),
('TN0026', 'KL001', 'Sikap petugas dalam memberikan layanan'),
('TN0027', 'KL002', 'Sikap petugas dalam memberikan layanan'),
('TN0028', 'KL003', 'Sikap petugas dalam memberikan layanan'),
('TN0029', 'KL004', 'Sikap petugas dalam memberikan layanan'),
('TN0030', 'KL005', 'Sikap petugas dalam memberikan layanan'),
('TN0031', 'KL001', 'Penanganan pengaduan/keluhan layanan'),
('TN0032', 'KL002', 'Penanganan pengaduan/keluhan layanan'),
('TN0033', 'KL003', 'Penanganan pengaduan/keluhan layanan'),
('TN0034', 'KL004', 'Penanganan pengaduan/keluhan layanan'),
('TN0035', 'KL005', 'Penanganan pengaduan/keluhan layanan'),
('TN0036', 'KL001', 'Kualitas sarana dan prasarana'),
('TN0037', 'KL002', 'Kualitas sarana dan prasarana'),
('TN0038', 'KL003', 'Kualitas sarana dan prasarana'),
('TN0039', 'KL004', 'Kualitas sarana dan prasarana'),
('TN0040', 'KL005', 'Kualitas sarana dan prasarana');

-- --------------------------------------------------------

--
-- Table structure for table `responden`
--

CREATE TABLE `responden` (
  `no_responden` varchar(10) NOT NULL,
  `nm_responden` varchar(30) NOT NULL,
  `kd_layanan` varchar(10) NOT NULL,
  `telp_responden` int(13) NOT NULL
) ENGINE=InnoDB DEFAULT CHARSET=utf8mb4;

--
-- Dumping data for table `responden`
--

INSERT INTO `responden` (`no_responden`, `nm_responden`, `kd_layanan`, `telp_responden`) VALUES
('RSP001', 'shevaputriaulia', 'KL001', 8990392),
('RSP002', 'septian dwi', 'KL002', 998302),
('RSP003', 'kurniawan', 'KL003', 45673),
('RSP004', 'cahya shafira', 'KL004', 748827),
('RSP005', 'kinan andini', 'KL005', 338374);

--
-- Indexes for dumped tables
--

--
-- Indexes for table `jawaban`
--
ALTER TABLE `jawaban`
  ADD PRIMARY KEY (`kd_jawab`);

--
-- Indexes for table `layanan`
--
ALTER TABLE `layanan`
  ADD PRIMARY KEY (`kd_layanan`);

--
-- Indexes for table `pertanyaan`
--
ALTER TABLE `pertanyaan`
  ADD PRIMARY KEY (`kd_tanya`);

--
-- Indexes for table `responden`
--
ALTER TABLE `responden`
  ADD PRIMARY KEY (`no_responden`);
COMMIT;

